{"id":83,"date":"2017-02-19T09:34:56","date_gmt":"2017-02-19T08:34:56","guid":{"rendered":"http:\/\/modellbauclub-buxtehude.pfweb.eu\/?page_id=83"},"modified":"2017-05-09T19:22:21","modified_gmt":"2017-05-09T17:22:21","slug":"modellbau-vereine","status":"publish","type":"page","link":"https:\/\/web68688.ssd-space.de\/modellbauclub-buxtehude.pfweb.eu\/modellbau-vereine\/","title":{"rendered":"Modellbau-Vereine"},"content":{"rendered":"<p>Wir haben viele Besucher von befreundeten Vereinen auf unseren Veranstaltungen &#8211; bzw. wir besuchen regelm\u00e4\u00dfig deren Veranstaltungen.<br \/>\nNachfolgend ist eine Auswahl an Links zu deren Homepage aufgef\u00fchrt.<\/p>\n<ul class=\"simple-links-list\" ><li class=\"simple-links-item simple-links-shortcode-item\" id=\"link-1705\"><a href=\"https:\/\/3elementsrc.de\/\" title=\"Wir sind ein Modellbauverein im S\u00fcden von Hamburg, genauer gesagt in Harburg. Wir sind zu Land, zu Wasser und in der Luft unterwegs und vereinen die Sparten RC-Car, RC-Schiffe\/Boote und RC-Modellflug unter einem Dach.\" target=\"_blank\" >3Elements RC e.V.<\/a><\/li><li class=\"simple-links-item simple-links-shortcode-item\" id=\"link-1069\"><a href=\"http:\/\/www.de-modellshippers.de\/\" title=\"\" target=\"_blank\" >De Modellshippers e. V. Neum\u00fcnster<\/a><\/li><li class=\"simple-links-item simple-links-shortcode-item\" id=\"link-380\"><a href=\"https:\/\/de-de.facebook.com\/Modellbauclub\/\" title=\"Herzlich Willkommen auf den Internetseiten des\r\nDrochterser Modellbauclub e.V.\" target=\"_blank\" >Drochterser Modellbauclub e.V.<\/a><\/li><li class=\"simple-links-item simple-links-shortcode-item\" id=\"link-104\"><a href=\"http:\/\/www.ig-sam.de\/wb\/index.php\/\" title=\"Wir haben uns zusammengefunden, um gemeinsam unserem Hobby, dem Truckmodellbau, nachzugehen.\" target=\"_blank\" >IG Spa\u00df am Modellbau<\/a><\/li><li class=\"simple-links-item simple-links-shortcode-item\" id=\"link-94\"><a href=\"http:\/\/www.schiffsmodellbau-dithmarschen.info\/buesumer-modell-schippers.html\" title=\"\" target=\"_blank\" >Interessengemeinschaft \u201eB\u00fcsumer Modell Schippers\u201c<\/a><\/li><li class=\"simple-links-item simple-links-shortcode-item\" id=\"link-1436\"><a href=\"http:\/\/www.igm-diepholz.de\/\" title=\"Herzlich Willkommen auf der offiziellen Internetpr\u00e4senz der Interessengemeinschaft Modellbau Diepholz e.V.\" target=\"_blank\" >Interessengemeinschaft Modellbau Diepholz e.V.<\/a><\/li><li class=\"simple-links-item simple-links-shortcode-item\" id=\"link-490\"><a href=\"http:\/\/www.ig-smb-bergedorf.de\/Home\" title=\"Interessengemeinschaft Schiffsmodellbau Bergedorf\r\n\u00a0(vormals, seit 2002,\u00a0SMC Bergedorf\u00a0)\" target=\"_blank\" >Interessengemeinschaft Schiffsmodellbau Bergedorf<\/a><\/li><li class=\"simple-links-item simple-links-shortcode-item\" id=\"link-92\"><a href=\"http:\/\/www.mbg-bad-schwartau.de\/\" title=\"\" target=\"_blank\" >Modell-Bau-Gemeinschaft Bad Schwartau e.V.<\/a><\/li><li class=\"simple-links-item simple-links-shortcode-item\" id=\"link-383\"><a href=\"http:\/\/www.mcgeesthacht.de\/1-0-Home.html\" title=\"\" target=\"_blank\" >Modellbauclub Geesthacht e.V.<\/a><\/li><li class=\"simple-links-item simple-links-shortcode-item\" id=\"link-956\"><a href=\"https:\/\/www.mbf-tornesch.de\/\" title=\"\" target=\"_blank\" >Modellbaufreunde Tornesch<\/a><\/li><li class=\"simple-links-item simple-links-shortcode-item\" id=\"link-90\"><a href=\"https:\/\/www.rc-modellflugplatz.de\/de-vereine\/modellbauverein-aussenmuehle-ev.html\" title=\"\" target=\"_blank\" >Modellbauverein Au\u00dfenm\u00fchle e.V.<\/a><\/li><li class=\"simple-links-item simple-links-shortcode-item\" id=\"link-1219\"><a href=\"https:\/\/www.mfg-heidenau.de\/\" title=\"\" target=\"_blank\" >ModellflugGruppe CONDOR Heidenau e.V.<\/a><\/li><li class=\"simple-links-item simple-links-shortcode-item\" id=\"link-1200\"><a href=\"http:\/\/www.mfg-kutenholz.de\/\" title=\"\" target=\"_blank\" >Modellfluggruppe Kutenholz e.V.<\/a><\/li><li class=\"simple-links-item simple-links-shortcode-item\" id=\"link-1071\"><a href=\"http:\/\/www.modellsportclub-hamm.de\/\" title=\"\" target=\"_blank\" >modellsportclub-hamm e. v.<\/a><\/li><li class=\"simple-links-item simple-links-shortcode-item\" id=\"link-1498\"><a href=\"https:\/\/sv-wistedt.de\/portfolio\/details\/rc-cars\/\" title=\"Eine neue Sparte im SV Wistedt e.V.\" target=\"_blank\" >RC Offroad Nordheide<\/a><\/li><li class=\"simple-links-item simple-links-shortcode-item\" id=\"link-80\"><a href=\"http:\/\/smc-espelkamp.de\/\" title=\"Wir, der Schiffsmodellbauclub Espelkamp e.V. besteht seit 1979 und war Mitbegr\u00fcnder der OGS-Poseidon.\r\nDer Club baut seit vielen Jahren Modellschiffe verschiedenster Art.\" target=\"_blank\" >Schiffs Modellbau Club Espelkamp e.V.<\/a><\/li><li class=\"simple-links-item simple-links-shortcode-item\" id=\"link-65\"><a href=\"http:\/\/smf-lohbruegge.hamburg\/\" title=\"Herzlich Willkommen auf den Seiten der Schiffs-Modellbau-Freunde (SMF) Lohbr\u00fcgge!\" target=\"_blank\"  rel=\"nofollow\" >Schiffs-Modellbau-Freunde (SMF) Lohbr\u00fcgge<\/a><\/li><li class=\"simple-links-item simple-links-shortcode-item\" id=\"link-385\"><a href=\"https:\/\/smc-elmshorn.de.tl\" title=\"Gro\u00dfe Schiffe\r\nklein gebaut\" target=\"_blank\" >Schiffsmodellbauclub Elmshorn e.V.<\/a><\/li><li class=\"simple-links-item simple-links-shortcode-item\" id=\"link-352\"><a href=\"https:\/\/www.smc-husum.de\/\" title=\"\" target=\"_blank\" >Schiffsmodellclub-Husum e.V. von 1983<\/a><\/li><li class=\"simple-links-item simple-links-shortcode-item\" id=\"link-378\"><a href=\"http:\/\/www.smc-albatros-ellerau.de\/\" title=\"Herzlich Willkommen auf der Homepage\r\ndes SMC (Schiffsmodellbauclub) Albatros Ellerau e.V.\" target=\"_blank\" >SMC Albatros Ellerau e.V.<\/a><\/li><li class=\"simple-links-item simple-links-shortcode-item\" id=\"link-354\"><a href=\"http:\/\/www.smcnautilus-guetersloh.de\/\" title=\"\" target=\"_blank\" >SMC NAUTILUS G\u00fctersloh<\/a><\/li><\/ul><!-- End .simple-links-list -->\n<div class=\"shariff shariff-align-center shariff-widget-align-center\" data-services=\"facebook\" data-url=\"https%3A%2F%2Fweb68688.ssd-space.de%2Fmodellbauclub-buxtehude.pfweb.eu%2Fmodellbau-vereine%2F\" data-timestamp=\"1494357741\" data-backendurl=\"https:\/\/web68688.ssd-space.de\/modellbauclub-buxtehude.pfweb.eu\/wp-json\/shariff\/v1\/share_counts?\"><ul class=\"shariff-buttons theme-grey orientation-horizontal buttonsize-small\"><li class=\"shariff-button mastodon shariff-nocustomcolor\" style=\"background-color:#563ACC\"><a href=\"https:\/\/s2f.kytta.dev\/?text=Modellbau-Vereine https%3A%2F%2Fweb68688.ssd-space.de%2Fmodellbauclub-buxtehude.pfweb.eu%2Fmodellbau-vereine%2F\" title=\"Bei Mastodon teilen\" aria-label=\"Bei Mastodon teilen\" role=\"button\" rel=\"noopener nofollow\" class=\"shariff-link\" style=\"; background-color:#6364FF; color:#fff\" target=\"_blank\"><span class=\"shariff-icon\" style=\"\"><svg width=\"75\" height=\"79\" viewBox=\"0 0 75 79\" fill=\"none\" xmlns=\"http:\/\/www.w3.org\/2000\/svg\"><path d=\"M37.813-.025C32.462-.058 27.114.13 21.79.598c-8.544.621-17.214 5.58-20.203 13.931C-1.12 23.318.408 32.622.465 41.65c.375 7.316.943 14.78 3.392 21.73 4.365 9.465 14.781 14.537 24.782 15.385 7.64.698 15.761-.213 22.517-4.026a54.1 54.1 0 0 0 .01-6.232c-6.855 1.316-14.101 2.609-21.049 1.074-3.883-.88-6.876-4.237-7.25-8.215-1.53-3.988 3.78-.43 5.584-.883 9.048 1.224 18.282.776 27.303-.462 7.044-.837 14.26-4.788 16.65-11.833 2.263-6.135 1.215-12.79 1.698-19.177.06-3.84.09-7.692-.262-11.52C72.596 7.844 63.223.981 53.834.684a219.453 219.453 0 0 0-16.022-.71zm11.294 12.882c5.5-.067 10.801 4.143 11.67 9.653.338 1.48.471 3 .471 4.515v21.088h-8.357c-.07-7.588.153-15.182-.131-22.765-.587-4.368-7.04-5.747-9.672-2.397-2.422 3.04-1.47 7.155-1.67 10.735v6.392h-8.307c-.146-4.996.359-10.045-.404-15.002-1.108-4.218-7.809-5.565-10.094-1.666-1.685 3.046-.712 6.634-.976 9.936v14.767h-8.354c.109-8.165-.238-16.344.215-24.5.674-5.346 5.095-10.389 10.676-10.627 4.902-.739 10.103 2.038 12.053 6.631.375 1.435 1.76 1.932 1.994.084 1.844-3.704 5.501-6.739 9.785-6.771.367-.044.735-.068 1.101-.073z\"\/><defs><linearGradient id=\"paint0_linear_549_34\" x1=\"37.0692\" y1=\"0\" x2=\"37.0692\" y2=\"79\" gradientUnits=\"userSpaceOnUse\"><stop stop-color=\"#6364FF\"\/><stop offset=\"1\" stop-color=\"#563ACC\"\/><\/linearGradient><\/defs><\/svg><\/span><span class=\"shariff-text\">teilen<\/span>&nbsp;<\/a><\/li><li class=\"shariff-button facebook shariff-nocustomcolor\" style=\"background-color:#4273c8\"><a href=\"https:\/\/www.facebook.com\/sharer\/sharer.php?u=https%3A%2F%2Fweb68688.ssd-space.de%2Fmodellbauclub-buxtehude.pfweb.eu%2Fmodellbau-vereine%2F\" title=\"Bei Facebook teilen\" aria-label=\"Bei Facebook teilen\" role=\"button\" rel=\"nofollow\" class=\"shariff-link\" style=\"; background-color:#3b5998; color:#fff\" target=\"_blank\"><span class=\"shariff-icon\" style=\"\"><svg width=\"32px\" height=\"20px\" xmlns=\"http:\/\/www.w3.org\/2000\/svg\" viewBox=\"0 0 18 32\"><path fill=\"#3b5998\" d=\"M17.1 0.2v4.7h-2.8q-1.5 0-2.1 0.6t-0.5 1.9v3.4h5.2l-0.7 5.3h-4.5v13.6h-5.5v-13.6h-4.5v-5.3h4.5v-3.9q0-3.3 1.9-5.2t5-1.8q2.6 0 4.1 0.2z\"\/><\/svg><\/span><span class=\"shariff-text\">teilen<\/span>&nbsp;<span data-service=\"facebook\" style=\"color:#3b5998\" class=\"shariff-count shariff-hidezero\"><\/span>&nbsp;<\/a><\/li><li class=\"shariff-button linkedin shariff-nocustomcolor\" style=\"background-color:#1488bf\"><a href=\"https:\/\/www.linkedin.com\/sharing\/share-offsite\/?url=https%3A%2F%2Fweb68688.ssd-space.de%2Fmodellbauclub-buxtehude.pfweb.eu%2Fmodellbau-vereine%2F\" title=\"Bei LinkedIn teilen\" aria-label=\"Bei LinkedIn teilen\" role=\"button\" rel=\"noopener nofollow\" class=\"shariff-link\" style=\"; background-color:#0077b5; color:#fff\" target=\"_blank\"><span class=\"shariff-icon\" style=\"\"><svg width=\"32px\" height=\"20px\" xmlns=\"http:\/\/www.w3.org\/2000\/svg\" viewBox=\"0 0 27 32\"><path fill=\"#0077b5\" d=\"M6.2 11.2v17.7h-5.9v-17.7h5.9zM6.6 5.7q0 1.3-0.9 2.2t-2.4 0.9h0q-1.5 0-2.4-0.9t-0.9-2.2 0.9-2.2 2.4-0.9 2.4 0.9 0.9 2.2zM27.4 18.7v10.1h-5.9v-9.5q0-1.9-0.7-2.9t-2.3-1.1q-1.1 0-1.9 0.6t-1.2 1.5q-0.2 0.5-0.2 1.4v9.9h-5.9q0-7.1 0-11.6t0-5.3l0-0.9h5.9v2.6h0q0.4-0.6 0.7-1t1-0.9 1.6-0.8 2-0.3q3 0 4.9 2t1.9 6z\"\/><\/svg><\/span><span class=\"shariff-text\">teilen<\/span>&nbsp;<\/a><\/li><li class=\"shariff-button info shariff-nocustomcolor\" style=\"background-color:#a8a8a8\"><a href=\"http:\/\/ct.de\/-2467514\" title=\"Weitere Informationen\" aria-label=\"Weitere Informationen\" role=\"button\" rel=\"noopener \" class=\"shariff-link\" style=\"; background-color:#999; color:#fff\" target=\"_blank\"><span class=\"shariff-icon\" style=\"\"><svg width=\"32px\" height=\"20px\" xmlns=\"http:\/\/www.w3.org\/2000\/svg\" viewBox=\"0 0 11 32\"><path fill=\"#999\" d=\"M11.4 24v2.3q0 0.5-0.3 0.8t-0.8 0.4h-9.1q-0.5 0-0.8-0.4t-0.4-0.8v-2.3q0-0.5 0.4-0.8t0.8-0.4h1.1v-6.8h-1.1q-0.5 0-0.8-0.4t-0.4-0.8v-2.3q0-0.5 0.4-0.8t0.8-0.4h6.8q0.5 0 0.8 0.4t0.4 0.8v10.3h1.1q0.5 0 0.8 0.4t0.3 0.8zM9.2 3.4v3.4q0 0.5-0.4 0.8t-0.8 0.4h-4.6q-0.4 0-0.8-0.4t-0.4-0.8v-3.4q0-0.4 0.4-0.8t0.8-0.4h4.6q0.5 0 0.8 0.4t0.4 0.8z\"\/><\/svg><\/span><\/a><\/li><\/ul><\/div>","protected":false},"excerpt":{"rendered":"<p>Wir haben viele Besucher von befreundeten Vereinen auf unseren Veranstaltungen &#8211; bzw. wir besuchen regelm\u00e4\u00dfig deren Veranstaltungen. Nachfolgend ist eine Auswahl an Links zu deren Homepage aufgef\u00fchrt.<\/p>\n","protected":false},"author":1,"featured_media":0,"parent":0,"menu_order":0,"comment_status":"closed","ping_status":"closed","template":"","meta":{"_EventAllDay":false,"_EventTimezone":"","_EventStartDate":"","_EventEndDate":"","_EventStartDateUTC":"","_EventEndDateUTC":"","_EventShowMap":false,"_EventShowMapLink":false,"_EventURL":"","_EventCost":"","_EventCostDescription":"","_EventCurrencySymbol":"","_EventCurrencyCode":"","_EventCurrencyPosition":"","_EventDateTimeSeparator":"","_EventTimeRangeSeparator":"","_EventOrganizerID":[],"_EventVenueID":[],"_OrganizerEmail":"","_OrganizerPhone":"","_OrganizerWebsite":"","_VenueAddress":"","_VenueCity":"","_VenueCountry":"","_VenueProvince":"","_VenueState":"","_VenueZip":"","_VenuePhone":"","_VenueURL":"","_VenueStateProvince":"","_VenueLat":"","_VenueLng":"","_VenueShowMap":false,"_VenueShowMapLink":false,"footnotes":""},"class_list":["post-83","page","type-page","status-publish","hentry"],"yoast_head":"<!-- This site is optimized with the Yoast SEO plugin v26.3 - https:\/\/yoast.com\/wordpress\/plugins\/seo\/ -->\n<title>Modellbau-Vereine - Modellbauclub Buxtehude e.V.<\/title>\n<meta name=\"description\" content=\"Modellbau-Vereine - Wir haben viele Besucher von befreundeten Vereinen auf unseren Veranstaltungen - bzw. wir besuchen regelm\u00e4\u00dfig deren Veranstaltungen.\" \/>\n<meta name=\"robots\" content=\"index, follow, max-snippet:-1, max-image-preview:large, max-video-preview:-1\" \/>\n<link rel=\"canonical\" href=\"https:\/\/web68688.ssd-space.de\/modellbauclub-buxtehude.pfweb.eu\/modellbau-vereine\/\" \/>\n<meta property=\"og:locale\" content=\"de_DE\" \/>\n<meta property=\"og:type\" content=\"article\" \/>\n<meta property=\"og:title\" content=\"Modellbau-Vereine - Modellbauclub Buxtehude e.V.\" \/>\n<meta property=\"og:description\" content=\"Modellbau-Vereine - Wir haben viele Besucher von befreundeten Vereinen auf unseren Veranstaltungen - bzw. wir besuchen regelm\u00e4\u00dfig deren Veranstaltungen.\" \/>\n<meta property=\"og:url\" content=\"https:\/\/web68688.ssd-space.de\/modellbauclub-buxtehude.pfweb.eu\/modellbau-vereine\/\" \/>\n<meta property=\"og:site_name\" content=\"Modellbauclub Buxtehude e.V.\" \/>\n<meta property=\"article:publisher\" content=\"https:\/\/www.facebook.com\/Modellbauclub.buxtehude\/?ref=page_internal\" \/>\n<meta property=\"article:modified_time\" content=\"2017-05-09T17:22:21+00:00\" \/>\n<meta name=\"twitter:card\" content=\"summary_large_image\" \/>\n<script type=\"application\/ld+json\" class=\"yoast-schema-graph\">{\"@context\":\"https:\/\/schema.org\",\"@graph\":[{\"@type\":\"WebPage\",\"@id\":\"https:\/\/web68688.ssd-space.de\/modellbauclub-buxtehude.pfweb.eu\/modellbau-vereine\/\",\"url\":\"https:\/\/web68688.ssd-space.de\/modellbauclub-buxtehude.pfweb.eu\/modellbau-vereine\/\",\"name\":\"Modellbau-Vereine - Modellbauclub Buxtehude e.V.\",\"isPartOf\":{\"@id\":\"https:\/\/web68688.ssd-space.de\/modellbauclub-buxtehude.pfweb.eu\/#website\"},\"datePublished\":\"2017-02-19T08:34:56+00:00\",\"dateModified\":\"2017-05-09T17:22:21+00:00\",\"description\":\"Modellbau-Vereine - Wir haben viele Besucher von befreundeten Vereinen auf unseren Veranstaltungen - bzw. wir besuchen regelm\u00e4\u00dfig deren Veranstaltungen.\",\"breadcrumb\":{\"@id\":\"https:\/\/web68688.ssd-space.de\/modellbauclub-buxtehude.pfweb.eu\/modellbau-vereine\/#breadcrumb\"},\"inLanguage\":\"de\",\"potentialAction\":[{\"@type\":\"ReadAction\",\"target\":[\"https:\/\/web68688.ssd-space.de\/modellbauclub-buxtehude.pfweb.eu\/modellbau-vereine\/\"]}]},{\"@type\":\"BreadcrumbList\",\"@id\":\"https:\/\/web68688.ssd-space.de\/modellbauclub-buxtehude.pfweb.eu\/modellbau-vereine\/#breadcrumb\",\"itemListElement\":[{\"@type\":\"ListItem\",\"position\":1,\"name\":\"Startseite\",\"item\":\"https:\/\/web68688.ssd-space.de\/modellbauclub-buxtehude.pfweb.eu\/\"},{\"@type\":\"ListItem\",\"position\":2,\"name\":\"Modellbau-Vereine\"}]},{\"@type\":\"WebSite\",\"@id\":\"https:\/\/web68688.ssd-space.de\/modellbauclub-buxtehude.pfweb.eu\/#website\",\"url\":\"https:\/\/web68688.ssd-space.de\/modellbauclub-buxtehude.pfweb.eu\/\",\"name\":\"Modellbauclub Buxtehude e.V.\",\"description\":\"Willkommen auf unserer Homepage\",\"publisher\":{\"@id\":\"https:\/\/web68688.ssd-space.de\/modellbauclub-buxtehude.pfweb.eu\/#organization\"},\"potentialAction\":[{\"@type\":\"SearchAction\",\"target\":{\"@type\":\"EntryPoint\",\"urlTemplate\":\"https:\/\/web68688.ssd-space.de\/modellbauclub-buxtehude.pfweb.eu\/?s={search_term_string}\"},\"query-input\":{\"@type\":\"PropertyValueSpecification\",\"valueRequired\":true,\"valueName\":\"search_term_string\"}}],\"inLanguage\":\"de\"},{\"@type\":\"Organization\",\"@id\":\"https:\/\/web68688.ssd-space.de\/modellbauclub-buxtehude.pfweb.eu\/#organization\",\"name\":\"Modellbauclub Buxtehude e.V.\",\"url\":\"https:\/\/web68688.ssd-space.de\/modellbauclub-buxtehude.pfweb.eu\/\",\"logo\":{\"@type\":\"ImageObject\",\"inLanguage\":\"de\",\"@id\":\"https:\/\/web68688.ssd-space.de\/modellbauclub-buxtehude.pfweb.eu\/#\/schema\/logo\/image\/\",\"url\":\"https:\/\/web68688.ssd-space.de\/modellbauclub-buxtehude.pfweb.eu\/wp-content\/uploads\/2017\/02\/mcb_logo_farbig.png\",\"contentUrl\":\"https:\/\/web68688.ssd-space.de\/modellbauclub-buxtehude.pfweb.eu\/wp-content\/uploads\/2017\/02\/mcb_logo_farbig.png\",\"width\":354,\"height\":365,\"caption\":\"Modellbauclub Buxtehude e.V.\"},\"image\":{\"@id\":\"https:\/\/web68688.ssd-space.de\/modellbauclub-buxtehude.pfweb.eu\/#\/schema\/logo\/image\/\"},\"sameAs\":[\"https:\/\/www.facebook.com\/Modellbauclub.buxtehude\/?ref=page_internal\"]}]}<\/script>\n<!-- \/ Yoast SEO plugin. -->","yoast_head_json":{"title":"Modellbau-Vereine - Modellbauclub Buxtehude e.V.","description":"Modellbau-Vereine - Wir haben viele Besucher von befreundeten Vereinen auf unseren Veranstaltungen - bzw. wir besuchen regelm\u00e4\u00dfig deren Veranstaltungen.","robots":{"index":"index","follow":"follow","max-snippet":"max-snippet:-1","max-image-preview":"max-image-preview:large","max-video-preview":"max-video-preview:-1"},"canonical":"https:\/\/web68688.ssd-space.de\/modellbauclub-buxtehude.pfweb.eu\/modellbau-vereine\/","og_locale":"de_DE","og_type":"article","og_title":"Modellbau-Vereine - Modellbauclub Buxtehude e.V.","og_description":"Modellbau-Vereine - Wir haben viele Besucher von befreundeten Vereinen auf unseren Veranstaltungen - bzw. wir besuchen regelm\u00e4\u00dfig deren Veranstaltungen.","og_url":"https:\/\/web68688.ssd-space.de\/modellbauclub-buxtehude.pfweb.eu\/modellbau-vereine\/","og_site_name":"Modellbauclub Buxtehude e.V.","article_publisher":"https:\/\/www.facebook.com\/Modellbauclub.buxtehude\/?ref=page_internal","article_modified_time":"2017-05-09T17:22:21+00:00","twitter_card":"summary_large_image","schema":{"@context":"https:\/\/schema.org","@graph":[{"@type":"WebPage","@id":"https:\/\/web68688.ssd-space.de\/modellbauclub-buxtehude.pfweb.eu\/modellbau-vereine\/","url":"https:\/\/web68688.ssd-space.de\/modellbauclub-buxtehude.pfweb.eu\/modellbau-vereine\/","name":"Modellbau-Vereine - Modellbauclub Buxtehude e.V.","isPartOf":{"@id":"https:\/\/web68688.ssd-space.de\/modellbauclub-buxtehude.pfweb.eu\/#website"},"datePublished":"2017-02-19T08:34:56+00:00","dateModified":"2017-05-09T17:22:21+00:00","description":"Modellbau-Vereine - Wir haben viele Besucher von befreundeten Vereinen auf unseren Veranstaltungen - bzw. wir besuchen regelm\u00e4\u00dfig deren Veranstaltungen.","breadcrumb":{"@id":"https:\/\/web68688.ssd-space.de\/modellbauclub-buxtehude.pfweb.eu\/modellbau-vereine\/#breadcrumb"},"inLanguage":"de","potentialAction":[{"@type":"ReadAction","target":["https:\/\/web68688.ssd-space.de\/modellbauclub-buxtehude.pfweb.eu\/modellbau-vereine\/"]}]},{"@type":"BreadcrumbList","@id":"https:\/\/web68688.ssd-space.de\/modellbauclub-buxtehude.pfweb.eu\/modellbau-vereine\/#breadcrumb","itemListElement":[{"@type":"ListItem","position":1,"name":"Startseite","item":"https:\/\/web68688.ssd-space.de\/modellbauclub-buxtehude.pfweb.eu\/"},{"@type":"ListItem","position":2,"name":"Modellbau-Vereine"}]},{"@type":"WebSite","@id":"https:\/\/web68688.ssd-space.de\/modellbauclub-buxtehude.pfweb.eu\/#website","url":"https:\/\/web68688.ssd-space.de\/modellbauclub-buxtehude.pfweb.eu\/","name":"Modellbauclub Buxtehude e.V.","description":"Willkommen auf unserer Homepage","publisher":{"@id":"https:\/\/web68688.ssd-space.de\/modellbauclub-buxtehude.pfweb.eu\/#organization"},"potentialAction":[{"@type":"SearchAction","target":{"@type":"EntryPoint","urlTemplate":"https:\/\/web68688.ssd-space.de\/modellbauclub-buxtehude.pfweb.eu\/?s={search_term_string}"},"query-input":{"@type":"PropertyValueSpecification","valueRequired":true,"valueName":"search_term_string"}}],"inLanguage":"de"},{"@type":"Organization","@id":"https:\/\/web68688.ssd-space.de\/modellbauclub-buxtehude.pfweb.eu\/#organization","name":"Modellbauclub Buxtehude e.V.","url":"https:\/\/web68688.ssd-space.de\/modellbauclub-buxtehude.pfweb.eu\/","logo":{"@type":"ImageObject","inLanguage":"de","@id":"https:\/\/web68688.ssd-space.de\/modellbauclub-buxtehude.pfweb.eu\/#\/schema\/logo\/image\/","url":"https:\/\/web68688.ssd-space.de\/modellbauclub-buxtehude.pfweb.eu\/wp-content\/uploads\/2017\/02\/mcb_logo_farbig.png","contentUrl":"https:\/\/web68688.ssd-space.de\/modellbauclub-buxtehude.pfweb.eu\/wp-content\/uploads\/2017\/02\/mcb_logo_farbig.png","width":354,"height":365,"caption":"Modellbauclub Buxtehude e.V."},"image":{"@id":"https:\/\/web68688.ssd-space.de\/modellbauclub-buxtehude.pfweb.eu\/#\/schema\/logo\/image\/"},"sameAs":["https:\/\/www.facebook.com\/Modellbauclub.buxtehude\/?ref=page_internal"]}]}},"_links":{"self":[{"href":"https:\/\/web68688.ssd-space.de\/modellbauclub-buxtehude.pfweb.eu\/wp-json\/wp\/v2\/pages\/83","targetHints":{"allow":["GET"]}}],"collection":[{"href":"https:\/\/web68688.ssd-space.de\/modellbauclub-buxtehude.pfweb.eu\/wp-json\/wp\/v2\/pages"}],"about":[{"href":"https:\/\/web68688.ssd-space.de\/modellbauclub-buxtehude.pfweb.eu\/wp-json\/wp\/v2\/types\/page"}],"author":[{"embeddable":true,"href":"https:\/\/web68688.ssd-space.de\/modellbauclub-buxtehude.pfweb.eu\/wp-json\/wp\/v2\/users\/1"}],"replies":[{"embeddable":true,"href":"https:\/\/web68688.ssd-space.de\/modellbauclub-buxtehude.pfweb.eu\/wp-json\/wp\/v2\/comments?post=83"}],"version-history":[{"count":2,"href":"https:\/\/web68688.ssd-space.de\/modellbauclub-buxtehude.pfweb.eu\/wp-json\/wp\/v2\/pages\/83\/revisions"}],"predecessor-version":[{"id":86,"href":"https:\/\/web68688.ssd-space.de\/modellbauclub-buxtehude.pfweb.eu\/wp-json\/wp\/v2\/pages\/83\/revisions\/86"}],"wp:attachment":[{"href":"https:\/\/web68688.ssd-space.de\/modellbauclub-buxtehude.pfweb.eu\/wp-json\/wp\/v2\/media?parent=83"}],"curies":[{"name":"wp","href":"https:\/\/api.w.org\/{rel}","templated":true}]}}