{"id":15,"date":"2017-02-16T20:57:16","date_gmt":"2017-02-16T19:57:16","guid":{"rendered":"http:\/\/modellbauclub-buxtehude.pfweb.eu\/?page_id=15"},"modified":"2017-05-09T19:30:24","modified_gmt":"2017-05-09T17:30:24","slug":"vereinsgeschichte","status":"publish","type":"page","link":"https:\/\/web68688.ssd-space.de\/modellbauclub-buxtehude.pfweb.eu\/vereinsgeschichte\/","title":{"rendered":"Vereinsgeschichte"},"content":{"rendered":"<h2>H\u00f6hen und Tiefen eines Vereins<\/h2>\n<p>Es war im Jahre 1974, als sich ein paar Modellbauer am M\u00fchlenteich in Buxtehude zum gem\u00fctlichen Schippern mit ihren Modellen trafen. Aus diesen gelegentlichen Treffen wurden bald h\u00e4ufige Absprachen, sich Sonntags am Teich wieder zu sehen. Die Begeisterung, mit anderen Gleichgesinnten ein gemeinsames Hobby gefunden zu haben, wuchs immer mehr.<\/p>\n<p>Eines Tages war die Idee geboren, einen kleinen Verein gr\u00fcnden zu wollen, um weitere Buxtehuder B\u00fcrger vom Schiffsmodellbau zu begeistern. Gesagt, getan. Wilfried Bartels, Manfred Biedermann, Wilhelm Rohwedder und andere gr\u00fcndeten den Modellbau Club Buxtehude am 24.09.1974. Die offizielle Seite eines Vereins sollte nicht lange auf sich warten lassen, denn am 18.07.1975 wurde der Verein als e.V. im Vereinsregister der Stadt Buxtehude aufgenommen. Nun war das erreicht, was viele sich schon lange gew\u00fcnscht hatten.<\/p>\n<h2>Die ersten eigenen R\u00e4ume<\/h2>\n<p>Die meisten Mitglieder bastelten ihre Schiffsmodelle im eigenen Hobbykeller, was bei vielen auch heute noch der Fall ist. Um aber Erfahrungen auszutauschen und gegenseitig von einander zu lernen, sollten R\u00e4ume gesucht werden, um diese als gemeinsamen Hobbyraum zu nutzen. Die Grundschule in Altkloster\/Buxtehude stellte geeignete Werkr\u00e4ume zur Verf\u00fcgung. Nun wurde gebastelt, was das Zeug h\u00e4lt.<\/p>\n<h2>Beginn des Umzugskarussell<\/h2>\n<p>Schulen sind auch nur Beh\u00f6rden, wie jeder wei\u00df, und so kam es, dass der erste Umzug innerhalb der Grundschule vollzogen wurde, denn der Platz wurde von einem T\u00f6pferkurs der VHS gebraucht. Der neu zur Verf\u00fcgung gestellte Raum war wieder schnell hergerichtet und die Mitglieder konnten an ihren Modellen weiterarbeiten. Werkzeuge und Maschinen wurden im Laufe der Jahre angeschafft, teilweise durch die festgelegten Beitr\u00e4ge oder durch Spenden ortsans\u00e4ssiger Firmen in Buxtehude, so dass ein stattlicher Verein heranwuchs.<\/p>\n<p>Doch auch hier mussten die Mitglieder wieder weichen. Nach langen z\u00e4hen Verhandlungen mit der Stadt Buxtehude kam der MCB nun in R\u00e4ume in der Harburger Str. in Buxtehude in dessen oberen Stockwerken eine Reederei, die NSB, ans\u00e4ssig ist. Auch Reedereien wachsen mit den Jahren und ben\u00f6tigen mehr Platz. Es kam was kommen musste, der MCB wurde ohne Einhaltung von K\u00fcndigungsfristen oder irgendwelcher R\u00fccksichtnahmen auch aus diesen R\u00e4umen von der Stadt Buxtehude vertrieben.<\/p>\n<p>Guter Rat war nun teuer, denn es gab keine Ausweichm\u00f6glichkeit. Die Mitgliederzahlen waren im Laufe der Zeit angewachsen. Eine Jugendgruppe hatte sich gebildet und dem MCB drohte das Aus. Sollte es das gewesen sein, sollte man den Jugendlichen, die ein sinnvolles Hobby in gem\u00fctlicher Runde gefunden hatten, einfach so auf die Stra\u00dfe setzten?<\/p>\n<h2>Die jetzigen R\u00e4ume<\/h2>\n<p>Es sollte einen Weg geben. Eine Reederei hat bekanntlich mit Schiffen zu tun und eine Anfrage bei der NSB, die nun Besitzer des Geb\u00e4ude war, versprach Hoffnung. Unser damaliger 1. Vorsitzender gab nicht auf und organisierte neue R\u00e4ume im Keller der VHS. Leider waren diese nicht kostenlos zu haben, eine Miete stand an. Nach einigen Verhandlungen mit NSB konnte diese von dem Vorteil eines Modellbau Club Buxtehude e.V. mit all seinen Aktivit\u00e4ten und Mitgliedern \/ Jugendlichen \u00fcberzeugt werden.<\/p>\n<p>Die NSB ist heute der Hauptsponsor des MCB ! Als Verein m\u00f6chten wir unseren Dank an die Reederei NSB aussprechen, denn ohne sie w\u00e4re der Verein zum Sterben verurteilt gewesen. Heute basteln wir wieder an unseren Modellen und kl\u00f6nen in gem\u00fctlicher Runde \u00fcber alte Zeiten oder \u00fcber die Zukunft. Auch so manches &#8222;Seemannsgarn&#8220; wird hier gesponnen.<\/p>\n<p>Ein Ende des Modellbau Club Buxtehude e.V. ist noch lange nicht in Sicht !<\/p>\n<div class=\"shariff shariff-align-center shariff-widget-align-center\" data-services=\"facebook\" data-url=\"https%3A%2F%2Fweb68688.ssd-space.de%2Fmodellbauclub-buxtehude.pfweb.eu%2Fvereinsgeschichte%2F\" data-timestamp=\"1494358224\" data-backendurl=\"https:\/\/web68688.ssd-space.de\/modellbauclub-buxtehude.pfweb.eu\/wp-json\/shariff\/v1\/share_counts?\"><ul class=\"shariff-buttons theme-grey orientation-horizontal buttonsize-small\"><li class=\"shariff-button mastodon shariff-nocustomcolor\" style=\"background-color:#563ACC\"><a href=\"https:\/\/s2f.kytta.dev\/?text=Vereinsgeschichte https%3A%2F%2Fweb68688.ssd-space.de%2Fmodellbauclub-buxtehude.pfweb.eu%2Fvereinsgeschichte%2F\" title=\"Bei Mastodon teilen\" aria-label=\"Bei Mastodon teilen\" role=\"button\" rel=\"noopener nofollow\" class=\"shariff-link\" style=\"; background-color:#6364FF; color:#fff\" target=\"_blank\"><span class=\"shariff-icon\" style=\"\"><svg width=\"75\" height=\"79\" viewBox=\"0 0 75 79\" fill=\"none\" xmlns=\"http:\/\/www.w3.org\/2000\/svg\"><path d=\"M37.813-.025C32.462-.058 27.114.13 21.79.598c-8.544.621-17.214 5.58-20.203 13.931C-1.12 23.318.408 32.622.465 41.65c.375 7.316.943 14.78 3.392 21.73 4.365 9.465 14.781 14.537 24.782 15.385 7.64.698 15.761-.213 22.517-4.026a54.1 54.1 0 0 0 .01-6.232c-6.855 1.316-14.101 2.609-21.049 1.074-3.883-.88-6.876-4.237-7.25-8.215-1.53-3.988 3.78-.43 5.584-.883 9.048 1.224 18.282.776 27.303-.462 7.044-.837 14.26-4.788 16.65-11.833 2.263-6.135 1.215-12.79 1.698-19.177.06-3.84.09-7.692-.262-11.52C72.596 7.844 63.223.981 53.834.684a219.453 219.453 0 0 0-16.022-.71zm11.294 12.882c5.5-.067 10.801 4.143 11.67 9.653.338 1.48.471 3 .471 4.515v21.088h-8.357c-.07-7.588.153-15.182-.131-22.765-.587-4.368-7.04-5.747-9.672-2.397-2.422 3.04-1.47 7.155-1.67 10.735v6.392h-8.307c-.146-4.996.359-10.045-.404-15.002-1.108-4.218-7.809-5.565-10.094-1.666-1.685 3.046-.712 6.634-.976 9.936v14.767h-8.354c.109-8.165-.238-16.344.215-24.5.674-5.346 5.095-10.389 10.676-10.627 4.902-.739 10.103 2.038 12.053 6.631.375 1.435 1.76 1.932 1.994.084 1.844-3.704 5.501-6.739 9.785-6.771.367-.044.735-.068 1.101-.073z\"\/><defs><linearGradient id=\"paint0_linear_549_34\" x1=\"37.0692\" y1=\"0\" x2=\"37.0692\" y2=\"79\" gradientUnits=\"userSpaceOnUse\"><stop stop-color=\"#6364FF\"\/><stop offset=\"1\" stop-color=\"#563ACC\"\/><\/linearGradient><\/defs><\/svg><\/span><span class=\"shariff-text\">teilen<\/span>&nbsp;<\/a><\/li><li class=\"shariff-button facebook shariff-nocustomcolor\" style=\"background-color:#4273c8\"><a href=\"https:\/\/www.facebook.com\/sharer\/sharer.php?u=https%3A%2F%2Fweb68688.ssd-space.de%2Fmodellbauclub-buxtehude.pfweb.eu%2Fvereinsgeschichte%2F\" title=\"Bei Facebook teilen\" aria-label=\"Bei Facebook teilen\" role=\"button\" rel=\"nofollow\" class=\"shariff-link\" style=\"; background-color:#3b5998; color:#fff\" target=\"_blank\"><span class=\"shariff-icon\" style=\"\"><svg width=\"32px\" height=\"20px\" xmlns=\"http:\/\/www.w3.org\/2000\/svg\" viewBox=\"0 0 18 32\"><path fill=\"#3b5998\" d=\"M17.1 0.2v4.7h-2.8q-1.5 0-2.1 0.6t-0.5 1.9v3.4h5.2l-0.7 5.3h-4.5v13.6h-5.5v-13.6h-4.5v-5.3h4.5v-3.9q0-3.3 1.9-5.2t5-1.8q2.6 0 4.1 0.2z\"\/><\/svg><\/span><span class=\"shariff-text\">teilen<\/span>&nbsp;<span data-service=\"facebook\" style=\"color:#3b5998\" class=\"shariff-count shariff-hidezero\"><\/span>&nbsp;<\/a><\/li><li class=\"shariff-button linkedin shariff-nocustomcolor\" style=\"background-color:#1488bf\"><a href=\"https:\/\/www.linkedin.com\/sharing\/share-offsite\/?url=https%3A%2F%2Fweb68688.ssd-space.de%2Fmodellbauclub-buxtehude.pfweb.eu%2Fvereinsgeschichte%2F\" title=\"Bei LinkedIn teilen\" aria-label=\"Bei LinkedIn teilen\" role=\"button\" rel=\"noopener nofollow\" class=\"shariff-link\" style=\"; background-color:#0077b5; color:#fff\" target=\"_blank\"><span class=\"shariff-icon\" style=\"\"><svg width=\"32px\" height=\"20px\" xmlns=\"http:\/\/www.w3.org\/2000\/svg\" viewBox=\"0 0 27 32\"><path fill=\"#0077b5\" d=\"M6.2 11.2v17.7h-5.9v-17.7h5.9zM6.6 5.7q0 1.3-0.9 2.2t-2.4 0.9h0q-1.5 0-2.4-0.9t-0.9-2.2 0.9-2.2 2.4-0.9 2.4 0.9 0.9 2.2zM27.4 18.7v10.1h-5.9v-9.5q0-1.9-0.7-2.9t-2.3-1.1q-1.1 0-1.9 0.6t-1.2 1.5q-0.2 0.5-0.2 1.4v9.9h-5.9q0-7.1 0-11.6t0-5.3l0-0.9h5.9v2.6h0q0.4-0.6 0.7-1t1-0.9 1.6-0.8 2-0.3q3 0 4.9 2t1.9 6z\"\/><\/svg><\/span><span class=\"shariff-text\">teilen<\/span>&nbsp;<\/a><\/li><li class=\"shariff-button info shariff-nocustomcolor\" style=\"background-color:#a8a8a8\"><a href=\"http:\/\/ct.de\/-2467514\" title=\"Weitere Informationen\" aria-label=\"Weitere Informationen\" role=\"button\" rel=\"noopener \" class=\"shariff-link\" style=\"; background-color:#999; color:#fff\" target=\"_blank\"><span class=\"shariff-icon\" style=\"\"><svg width=\"32px\" height=\"20px\" xmlns=\"http:\/\/www.w3.org\/2000\/svg\" viewBox=\"0 0 11 32\"><path fill=\"#999\" d=\"M11.4 24v2.3q0 0.5-0.3 0.8t-0.8 0.4h-9.1q-0.5 0-0.8-0.4t-0.4-0.8v-2.3q0-0.5 0.4-0.8t0.8-0.4h1.1v-6.8h-1.1q-0.5 0-0.8-0.4t-0.4-0.8v-2.3q0-0.5 0.4-0.8t0.8-0.4h6.8q0.5 0 0.8 0.4t0.4 0.8v10.3h1.1q0.5 0 0.8 0.4t0.3 0.8zM9.2 3.4v3.4q0 0.5-0.4 0.8t-0.8 0.4h-4.6q-0.4 0-0.8-0.4t-0.4-0.8v-3.4q0-0.4 0.4-0.8t0.8-0.4h4.6q0.5 0 0.8 0.4t0.4 0.8z\"\/><\/svg><\/span><\/a><\/li><\/ul><\/div>","protected":false},"excerpt":{"rendered":"<p>H\u00f6hen und Tiefen eines Vereins Es war im Jahre 1974, als sich ein paar Modellbauer am M\u00fchlenteich in Buxtehude zum gem\u00fctlichen Schippern mit ihren Modellen trafen. Aus diesen gelegentlichen Treffen [&hellip;]<\/p>\n","protected":false},"author":1,"featured_media":0,"parent":0,"menu_order":0,"comment_status":"closed","ping_status":"closed","template":"","meta":{"_EventAllDay":false,"_EventTimezone":"","_EventStartDate":"","_EventEndDate":"","_EventStartDateUTC":"","_EventEndDateUTC":"","_EventShowMap":false,"_EventShowMapLink":false,"_EventURL":"","_EventCost":"","_EventCostDescription":"","_EventCurrencySymbol":"","_EventCurrencyCode":"","_EventCurrencyPosition":"","_EventDateTimeSeparator":"","_EventTimeRangeSeparator":"","_EventOrganizerID":[],"_EventVenueID":[],"_OrganizerEmail":"","_OrganizerPhone":"","_OrganizerWebsite":"","_VenueAddress":"","_VenueCity":"","_VenueCountry":"","_VenueProvince":"","_VenueState":"","_VenueZip":"","_VenuePhone":"","_VenueURL":"","_VenueStateProvince":"","_VenueLat":"","_VenueLng":"","_VenueShowMap":false,"_VenueShowMapLink":false,"footnotes":""},"class_list":["post-15","page","type-page","status-publish","hentry"],"yoast_head":"<!-- This site is optimized with the Yoast SEO plugin v27.3 - https:\/\/yoast.com\/product\/yoast-seo-wordpress\/ -->\n<title>Vereinsgeschichte - Modellbauclub Buxtehude e.V.<\/title>\n<meta name=\"description\" content=\"Es war im Jahre 1974, als sich ein paar Modellbauer am M\u00fchlenteich in Buxtehude zum gem\u00fctlichen Schippern mit ihren Modellen trafen.\" \/>\n<meta name=\"robots\" content=\"index, follow, max-snippet:-1, max-image-preview:large, max-video-preview:-1\" \/>\n<link rel=\"canonical\" href=\"https:\/\/web68688.ssd-space.de\/modellbauclub-buxtehude.pfweb.eu\/vereinsgeschichte\/\" \/>\n<meta property=\"og:locale\" content=\"de_DE\" \/>\n<meta property=\"og:type\" content=\"article\" \/>\n<meta property=\"og:title\" content=\"Vereinsgeschichte - Modellbauclub Buxtehude e.V.\" \/>\n<meta property=\"og:description\" content=\"Es war im Jahre 1974, als sich ein paar Modellbauer am M\u00fchlenteich in Buxtehude zum gem\u00fctlichen Schippern mit ihren Modellen trafen.\" \/>\n<meta property=\"og:url\" content=\"https:\/\/web68688.ssd-space.de\/modellbauclub-buxtehude.pfweb.eu\/vereinsgeschichte\/\" \/>\n<meta property=\"og:site_name\" content=\"Modellbauclub Buxtehude e.V.\" \/>\n<meta property=\"article:publisher\" content=\"https:\/\/www.facebook.com\/Modellbauclub.buxtehude\/?ref=page_internal\" \/>\n<meta property=\"article:modified_time\" content=\"2017-05-09T17:30:24+00:00\" \/>\n<meta name=\"twitter:card\" content=\"summary_large_image\" \/>\n<meta name=\"twitter:label1\" content=\"Gesch\u00e4tzte Lesezeit\" \/>\n\t<meta name=\"twitter:data1\" content=\"3\u00a0Minuten\" \/>\n<script type=\"application\/ld+json\" class=\"yoast-schema-graph\">{\"@context\":\"https:\\\/\\\/schema.org\",\"@graph\":[{\"@type\":\"WebPage\",\"@id\":\"https:\\\/\\\/web68688.ssd-space.de\\\/modellbauclub-buxtehude.pfweb.eu\\\/vereinsgeschichte\\\/\",\"url\":\"https:\\\/\\\/web68688.ssd-space.de\\\/modellbauclub-buxtehude.pfweb.eu\\\/vereinsgeschichte\\\/\",\"name\":\"Vereinsgeschichte - Modellbauclub Buxtehude e.V.\",\"isPartOf\":{\"@id\":\"https:\\\/\\\/web68688.ssd-space.de\\\/modellbauclub-buxtehude.pfweb.eu\\\/#website\"},\"datePublished\":\"2017-02-16T19:57:16+00:00\",\"dateModified\":\"2017-05-09T17:30:24+00:00\",\"description\":\"Es war im Jahre 1974, als sich ein paar Modellbauer am M\u00fchlenteich in Buxtehude zum gem\u00fctlichen Schippern mit ihren Modellen trafen.\",\"breadcrumb\":{\"@id\":\"https:\\\/\\\/web68688.ssd-space.de\\\/modellbauclub-buxtehude.pfweb.eu\\\/vereinsgeschichte\\\/#breadcrumb\"},\"inLanguage\":\"de\",\"potentialAction\":[{\"@type\":\"ReadAction\",\"target\":[\"https:\\\/\\\/web68688.ssd-space.de\\\/modellbauclub-buxtehude.pfweb.eu\\\/vereinsgeschichte\\\/\"]}]},{\"@type\":\"BreadcrumbList\",\"@id\":\"https:\\\/\\\/web68688.ssd-space.de\\\/modellbauclub-buxtehude.pfweb.eu\\\/vereinsgeschichte\\\/#breadcrumb\",\"itemListElement\":[{\"@type\":\"ListItem\",\"position\":1,\"name\":\"Startseite\",\"item\":\"https:\\\/\\\/web68688.ssd-space.de\\\/modellbauclub-buxtehude.pfweb.eu\\\/\"},{\"@type\":\"ListItem\",\"position\":2,\"name\":\"Vereinsgeschichte\"}]},{\"@type\":\"WebSite\",\"@id\":\"https:\\\/\\\/web68688.ssd-space.de\\\/modellbauclub-buxtehude.pfweb.eu\\\/#website\",\"url\":\"https:\\\/\\\/web68688.ssd-space.de\\\/modellbauclub-buxtehude.pfweb.eu\\\/\",\"name\":\"Modellbauclub Buxtehude e.V.\",\"description\":\"Willkommen auf unserer Homepage\",\"publisher\":{\"@id\":\"https:\\\/\\\/web68688.ssd-space.de\\\/modellbauclub-buxtehude.pfweb.eu\\\/#organization\"},\"potentialAction\":[{\"@type\":\"SearchAction\",\"target\":{\"@type\":\"EntryPoint\",\"urlTemplate\":\"https:\\\/\\\/web68688.ssd-space.de\\\/modellbauclub-buxtehude.pfweb.eu\\\/?s={search_term_string}\"},\"query-input\":{\"@type\":\"PropertyValueSpecification\",\"valueRequired\":true,\"valueName\":\"search_term_string\"}}],\"inLanguage\":\"de\"},{\"@type\":\"Organization\",\"@id\":\"https:\\\/\\\/web68688.ssd-space.de\\\/modellbauclub-buxtehude.pfweb.eu\\\/#organization\",\"name\":\"Modellbauclub Buxtehude e.V.\",\"url\":\"https:\\\/\\\/web68688.ssd-space.de\\\/modellbauclub-buxtehude.pfweb.eu\\\/\",\"logo\":{\"@type\":\"ImageObject\",\"inLanguage\":\"de\",\"@id\":\"https:\\\/\\\/web68688.ssd-space.de\\\/modellbauclub-buxtehude.pfweb.eu\\\/#\\\/schema\\\/logo\\\/image\\\/\",\"url\":\"https:\\\/\\\/web68688.ssd-space.de\\\/modellbauclub-buxtehude.pfweb.eu\\\/wp-content\\\/uploads\\\/2017\\\/02\\\/mcb_logo_farbig.png\",\"contentUrl\":\"https:\\\/\\\/web68688.ssd-space.de\\\/modellbauclub-buxtehude.pfweb.eu\\\/wp-content\\\/uploads\\\/2017\\\/02\\\/mcb_logo_farbig.png\",\"width\":354,\"height\":365,\"caption\":\"Modellbauclub Buxtehude e.V.\"},\"image\":{\"@id\":\"https:\\\/\\\/web68688.ssd-space.de\\\/modellbauclub-buxtehude.pfweb.eu\\\/#\\\/schema\\\/logo\\\/image\\\/\"},\"sameAs\":[\"https:\\\/\\\/www.facebook.com\\\/Modellbauclub.buxtehude\\\/?ref=page_internal\"]}]}<\/script>\n<!-- \/ Yoast SEO plugin. -->","yoast_head_json":{"title":"Vereinsgeschichte - Modellbauclub Buxtehude e.V.","description":"Es war im Jahre 1974, als sich ein paar Modellbauer am M\u00fchlenteich in Buxtehude zum gem\u00fctlichen Schippern mit ihren Modellen trafen.","robots":{"index":"index","follow":"follow","max-snippet":"max-snippet:-1","max-image-preview":"max-image-preview:large","max-video-preview":"max-video-preview:-1"},"canonical":"https:\/\/web68688.ssd-space.de\/modellbauclub-buxtehude.pfweb.eu\/vereinsgeschichte\/","og_locale":"de_DE","og_type":"article","og_title":"Vereinsgeschichte - Modellbauclub Buxtehude e.V.","og_description":"Es war im Jahre 1974, als sich ein paar Modellbauer am M\u00fchlenteich in Buxtehude zum gem\u00fctlichen Schippern mit ihren Modellen trafen.","og_url":"https:\/\/web68688.ssd-space.de\/modellbauclub-buxtehude.pfweb.eu\/vereinsgeschichte\/","og_site_name":"Modellbauclub Buxtehude e.V.","article_publisher":"https:\/\/www.facebook.com\/Modellbauclub.buxtehude\/?ref=page_internal","article_modified_time":"2017-05-09T17:30:24+00:00","twitter_card":"summary_large_image","twitter_misc":{"Gesch\u00e4tzte Lesezeit":"3\u00a0Minuten"},"schema":{"@context":"https:\/\/schema.org","@graph":[{"@type":"WebPage","@id":"https:\/\/web68688.ssd-space.de\/modellbauclub-buxtehude.pfweb.eu\/vereinsgeschichte\/","url":"https:\/\/web68688.ssd-space.de\/modellbauclub-buxtehude.pfweb.eu\/vereinsgeschichte\/","name":"Vereinsgeschichte - Modellbauclub Buxtehude e.V.","isPartOf":{"@id":"https:\/\/web68688.ssd-space.de\/modellbauclub-buxtehude.pfweb.eu\/#website"},"datePublished":"2017-02-16T19:57:16+00:00","dateModified":"2017-05-09T17:30:24+00:00","description":"Es war im Jahre 1974, als sich ein paar Modellbauer am M\u00fchlenteich in Buxtehude zum gem\u00fctlichen Schippern mit ihren Modellen trafen.","breadcrumb":{"@id":"https:\/\/web68688.ssd-space.de\/modellbauclub-buxtehude.pfweb.eu\/vereinsgeschichte\/#breadcrumb"},"inLanguage":"de","potentialAction":[{"@type":"ReadAction","target":["https:\/\/web68688.ssd-space.de\/modellbauclub-buxtehude.pfweb.eu\/vereinsgeschichte\/"]}]},{"@type":"BreadcrumbList","@id":"https:\/\/web68688.ssd-space.de\/modellbauclub-buxtehude.pfweb.eu\/vereinsgeschichte\/#breadcrumb","itemListElement":[{"@type":"ListItem","position":1,"name":"Startseite","item":"https:\/\/web68688.ssd-space.de\/modellbauclub-buxtehude.pfweb.eu\/"},{"@type":"ListItem","position":2,"name":"Vereinsgeschichte"}]},{"@type":"WebSite","@id":"https:\/\/web68688.ssd-space.de\/modellbauclub-buxtehude.pfweb.eu\/#website","url":"https:\/\/web68688.ssd-space.de\/modellbauclub-buxtehude.pfweb.eu\/","name":"Modellbauclub Buxtehude e.V.","description":"Willkommen auf unserer Homepage","publisher":{"@id":"https:\/\/web68688.ssd-space.de\/modellbauclub-buxtehude.pfweb.eu\/#organization"},"potentialAction":[{"@type":"SearchAction","target":{"@type":"EntryPoint","urlTemplate":"https:\/\/web68688.ssd-space.de\/modellbauclub-buxtehude.pfweb.eu\/?s={search_term_string}"},"query-input":{"@type":"PropertyValueSpecification","valueRequired":true,"valueName":"search_term_string"}}],"inLanguage":"de"},{"@type":"Organization","@id":"https:\/\/web68688.ssd-space.de\/modellbauclub-buxtehude.pfweb.eu\/#organization","name":"Modellbauclub Buxtehude e.V.","url":"https:\/\/web68688.ssd-space.de\/modellbauclub-buxtehude.pfweb.eu\/","logo":{"@type":"ImageObject","inLanguage":"de","@id":"https:\/\/web68688.ssd-space.de\/modellbauclub-buxtehude.pfweb.eu\/#\/schema\/logo\/image\/","url":"https:\/\/web68688.ssd-space.de\/modellbauclub-buxtehude.pfweb.eu\/wp-content\/uploads\/2017\/02\/mcb_logo_farbig.png","contentUrl":"https:\/\/web68688.ssd-space.de\/modellbauclub-buxtehude.pfweb.eu\/wp-content\/uploads\/2017\/02\/mcb_logo_farbig.png","width":354,"height":365,"caption":"Modellbauclub Buxtehude e.V."},"image":{"@id":"https:\/\/web68688.ssd-space.de\/modellbauclub-buxtehude.pfweb.eu\/#\/schema\/logo\/image\/"},"sameAs":["https:\/\/www.facebook.com\/Modellbauclub.buxtehude\/?ref=page_internal"]}]}},"_links":{"self":[{"href":"https:\/\/web68688.ssd-space.de\/modellbauclub-buxtehude.pfweb.eu\/wp-json\/wp\/v2\/pages\/15","targetHints":{"allow":["GET"]}}],"collection":[{"href":"https:\/\/web68688.ssd-space.de\/modellbauclub-buxtehude.pfweb.eu\/wp-json\/wp\/v2\/pages"}],"about":[{"href":"https:\/\/web68688.ssd-space.de\/modellbauclub-buxtehude.pfweb.eu\/wp-json\/wp\/v2\/types\/page"}],"author":[{"embeddable":true,"href":"https:\/\/web68688.ssd-space.de\/modellbauclub-buxtehude.pfweb.eu\/wp-json\/wp\/v2\/users\/1"}],"replies":[{"embeddable":true,"href":"https:\/\/web68688.ssd-space.de\/modellbauclub-buxtehude.pfweb.eu\/wp-json\/wp\/v2\/comments?post=15"}],"version-history":[{"count":2,"href":"https:\/\/web68688.ssd-space.de\/modellbauclub-buxtehude.pfweb.eu\/wp-json\/wp\/v2\/pages\/15\/revisions"}],"predecessor-version":[{"id":17,"href":"https:\/\/web68688.ssd-space.de\/modellbauclub-buxtehude.pfweb.eu\/wp-json\/wp\/v2\/pages\/15\/revisions\/17"}],"wp:attachment":[{"href":"https:\/\/web68688.ssd-space.de\/modellbauclub-buxtehude.pfweb.eu\/wp-json\/wp\/v2\/media?parent=15"}],"curies":[{"name":"wp","href":"https:\/\/api.w.org\/{rel}","templated":true}]}}